et i be 456/988 + 14/26. What is h(i)?
-1
Suppose -5*p + 10 = -3*p. Suppose 0*n - p*n = 5*d, -2*n - d = -1. Let w(k) be the third derivative of -7*k**6/120 - k**5/30 + k**3/6 + 2*k**2. Determine w(n).
-8
Let t(d) = 2*d**2 - 7801 - 7810 + 15624. What is t(0)?
13
Let b(s) = -s**2 + 11*s - 3. Let g be 28/(-84) - (-34)/3. Determine b(g).
-3
Let o(s) = 11*s - 4. Let b(l) = l + 1. Let u = -9 - -12. Suppose 4*k - 5 + 1 = -4*f, -2*f + 2 = -u*k. Let h(r) = f*o(r) + 4*b(r). Determine h(1).
15
Let s(k) = -11*k - 7. Suppose -2 = 2*w + 2*u, -3*w + 4*u = -8*w - 1. Let o(h) = 2 - 8 - 13*h + w*h. Let c(m) = -6*o(m) + 5*s(m). Calculate c(-3).
-14
Let z be (-1225)/(-70)*(-4)/5. Let y(x) = x**2 + 14*x - 8. Calculate y(z).
-8
Let i(v) = v**3 - v**2 - v + 11. Suppose 69*o = -47 + 47. What is i(o)?
11
Suppose 2*x = -3*h - 9, -3*h = h - 2*x + 26. Let n(l) = l**3 + 12*l**2 - l - 9. Let u be n(-12). Let k(i) = -i - u*i + 6*i + 2. Determine k(h).
-8
Let u(w) = -2 + 543*w - 545*w + 0. Let h(g) = g**2 - 9*g - 3. Let s be h(9). Calculate u(s).
4
Suppose -f - 10 - 3 = 5*d, 5*d = -4*f - 7. Let b(h) = -h - 9. Let s(n) = n + 9. Let x = 20 - 17. Let z(k) = f*s(k) + x*b(k). What is z(0)?
-9
Let l(o) be the second derivative of -1/12*o**4 + 1/3*o**3 + 30 - 2*o + 5/2*o**2. What is l(4)?
-3
Let i(w) be the second derivative of -w**4/4 + w**3/2 + w**2 - 304*w - 1. Determine i(-1).
-4
Let a(y) = 313*y - 97*y - 112*y - 111*y. Suppose -3*v + 0*v = -3, -4*x - 2 = 2*v. Give a(x).
7
Let v be (53 - 51) + (8 - 3). Let x(j) = -j + 8. What is x(v)?
1
Let z(f) = -5*f**2 - 19*f - 11. Let u(g) = -2*g**2 + 1. Let i(n) = -2*u(n) + z(n). Determine i(-18).
5
Let w(s) = 11*s**3 + 12*s**2 - 10*s - 20. Let k(m) = 5*m**3 + 6*m**2 - 5*m - 9. Let r(i) = 13*k(i) - 6*w(i). Let l be 26/6 + 2/3. Determine r(l).
3
Let q = 42 - 73. Let p = -32 - q. Let a(n) = 3*n**3 - n. Determine a(p).
-2
Let t be (-10)/(9 + -19)*-1. Let k(m) = 14*m**2 - 1. Give k(t).
13
Let c(b) = -b**3 + 2*b**2 + 2*b - 4. Let f(i) = 14*i**2 - 11*i + 1. Let a be f(1). What is c(a)?
-28
Let i(g) = 3*g + 3. Let x(t) = 9*t + 114. Let w be x(-13). Give i(w).
-6
Suppose 0 = 5*q - o - 13, 23*o - 8 = 2*q + 27*o. Let r = 3 - 1. Let f(l) = l + 1 + 0*l + 1 + l**r. Give f(q).
8
Suppose 0 = -m + 3*g - 9 + 23, -3*m + g + 18 = 0. Let a(s) = -5 - 7 - 3*s + 5*s**2 - s**3 + 15 + s**2. Calculate a(m).
13
Let k(q) = -q - 1 + 2 + q**2 + 2 + q + 5*q. Give k(-5).
3
Suppose -3*o - 2*a + 11 = 0, 4*o - 17 = -0*o - 5*a. Let t(b) = 3*b - b**2 + 29*b**o - 31*b**3 + b**2 + 1. Calculate t(-2).
11
Let j(y) = -13*y - 12*y + 11 + 26*y. Let u(v) = v**2 - v. Let o be u(0). Give j(o).
11
Let g = -18 + 25. Let w(j) = -10*j**2 - 11*j - 12. Let m(s) = -3*s**2 - 4*s - 4. Let y(r) = g*m(r) - 2*w(r). What is y(-6)?
-4
Let t(n) = -n**3 + 2*n**2 - n. Let m(g) = 2*g**3 - 15*g**2 + 4*g + 3. Let h(x) = m(x) + 3*t(x). Determine h(-9).
-6
Let o(y) = 0*y + 0*y + 6 - 3*y. Let f = 95 + -94. Let h be f/9*-3*-15. What is o(h)?
-9
Let v(i) = 6*i - 4. Suppose -2*y = 5*o - 44, 2*y + 19 = o - y. Suppose 0 = -9*x + 14*x - o, -m + 4*x - 11 = 0. What is v(m)?
-22
Let p(q) = 6*q + 7. Let g(i) = -i. Let w(f) = 5*g(f) + p(f). Let m(u) = -u**3 + u**2 - 2*u - 4. Let n be m(0). Calculate w(n).
3
Let p(m) = -5*m**2 + 2 - 4*m - 5*m + 3*m + m**3. Let s be (-52)/(-6) + 3*4/(-18). Let n be (-6)/s*(0 - 4 - 4). Give p(n).
2
Let s(k) = k**2 + 5*k + 7. Let f(u) = 3*u + 7. Let j = -10 + 7. Let v be f(j). Let g be v*-2*(-10)/8. Determine s(g).
7
Let i(q) = 4*q**2 + q + 2. Let m be i(2). Let o be 4/m + (-218)/(-10). Suppose 0 = -4*h + o + 2. Let y(b) = b**2 - 7*b + 3. What is y(h)?
-3
Let o(z) be the second derivative of z**4/4 - 3*z**3/2 + 2*z**2 - z. Let l(c) = 8*c**2 - 27*c + 12. Let u(j) = 4*l(j) - 11*o(j). Determine u(-9).
4
Let j be (-1)/(-6)*6 - 117. Let z be j/30 + (-62)/465. Let r(t) = -t**3 - 4*t**2 + 4*t + 1. Give r(z).
-15
Let c(f) = -f**2 - 13*f - 11. Let h be c(-7). Let r = h - 29. Suppose 0*j - 8 = -4*j - r*q, -4 = -2*j + 2*q. Let z(s) = -s**2 + 2. Give z(j).
-2
Let z(f) = -2*f**2 - f + 3. Suppose -24 - 6 = 2*q. Let n = 160 + -148. Let v = n + q. What is z(v)?
-12
Let n(t) = -3*t - 1. Let z be -11 + 10 - (-1 - 9). Let d(l) = -l**3 + 8*l**2 + 8*l + 5. Let v be d(z). Calculate n(v).
11
Let u(i) = 25*i**2 + 6*i - 5. Let s(v) = -11*v**2 - 2*v + 2. Let l(f) = -9*s(f) - 4*u(f). Suppose 0 + 6 = -t. What is l(t)?
2
Let x(u) be the third derivative of u**5/60 + 5*u**4/24 - u**3 - 337*u**2. What is x(-5)?
-6
Suppose 3*z - 31 = -13. Let r(t) = 4*t + 5. What is r(z)?
29
Suppose -2*h = -h - 4. Let g be (h/(-5))/(5/(-25)). Let d(o) = -o**2 + 6*o - 4. Determine d(g).
4
Let d(v) = -6*v - 46. Suppose -3*l + l - 7 = 3*b, 52 = -5*l + 4*b. Let q be d(l). Let f(w) = -w**2 + 2*w - 1. Determine f(q).
-1
Let i(t) be the first derivative of t**2/2 + t - 3. Let w be i(-2). Let o(p) be the third derivative of -p**5/10 + p**4/12 + p**3/6 + p**2. What is o(w)?
-7
Let d be 2*(-2 + (-135)/(-10)). Suppose -i - 5*v = d, -5*i - 1 = -3*v + 2. Let g(a) = -a**2 - 5*a - 2. Give g(i).
4
Let z = 4 + -2. Let s be z - (-7 + 0) - -2. Let w = 15 - s. Let i(l) = -3*l + 6. Calculate i(w).
-6
Let b(k) be the first derivative of k**5/60 + k**4/4 - k**3/3 - 17*k**2/2 + 3. Let j(t) be the second derivative of b(t). Calculate j(-6).
-2
Let s(o) = -3*o + 10. Let h be (-54)/(-7) - (-112)/392. Calculate s(h).
-14
Let i(g) = -g**2 + 19*g - 66. Let n be i(4). Let r(w) = 3*w + 1. Give r(n).
-17
Suppose 3*k + 14 = -2*v - 4, 5*v - 2*k + 26 = 0. Let d(t) = t. Determine d(v).
-6
Let b(k) = 16*k**3. Suppose 6*d + 49 - 43 = 0. What is b(d)?
-16
Suppose n - 96 = 3*f, 2*f + 63 = 2*n - n. Let u = f + 32. Let k(g) be the second derivative of g**4/2 + g**3/6 - g. Give k(u).
5
Let y(c) = 119*c + 12 + 131*c - 251*c. Calculate y(8).
4
Let d(l) = 2*l - 6. Suppose 2*q + 2*o + 22 = 7*o, 5*q + 78 = o. Let r = 17 + q. Suppose -4 = 3*t - 5*m - r, 3*m = 2*t + 1. Give d(t).
2
Let k(r) = 7*r**2 + 26*r + 10. Let x(p) = -4*p**2 - 14*p - 5. Let j(b) = 3*k(b) + 5*x(b). Give j(-8).
5
Let y(h) be the third derivative of -1/12*h**5 + 1/6*h**3 + 2*h**2 + 1/6*h**4 + 0 + 0*h + 1/120*h**6. What is y(3)?
-5
Let r(g) = -4*g - 4. Let z(q) = 5*q + 4. Let b(u) = -4*r(u) - 3*z(u). Let i be (-1)/2 + 9/18. Suppose 5*d + 5*w = -40, -2*d - 3*d - w - 32 = i. What is b(d)?
-2
Let l(x) = 3*x**3 - 2*x**2 + 1. Let q = 459 - 458. Calculate l(q).
2
Suppose 5 = -4*l - 3*q + 38, 0 = 5*l - 5*q - 15. Let k be 4/(-6)*(-4 + 1 + -3). Let x(y) = -13 + 14*y - 13*y + k. What is x(l)?
-3
Suppose 5*a - 20 + 15 = 4*g, -4*g + 4*a = 0. Let q(p) = p**3 - 4*p**2 - 9*p + 24. Give q(g).
4
Let m be (-2 - (-3)/1) + 3. Suppose q - m*r + 12 = 4*q, -3*q = -2*r + 6. Let p(n) = 3*n - 3*n + 0*n + n + 11. What is p(q)?
11
Let m(k) = 3*k + 5. Suppose 17*u - 13*u - 340 = 0. Let t = u + -89. Give m(t).
-7
Let w(n) = -n**3 - 13*n**2 + 14*n. Let c be w(-14). Let x be (c - -1)*(-9)/9. Let f(a) = 10*a - 1. Give f(x).
-11
Let d(r) = 5*r - 4. Let v be 1960/(-539) - 4/11. Give d(v).
-24
Let w(i) = -i**3 - 5*i**2 - 5*i - 3. Let j(x) = 11*x + 12*x + 9 - 22*x. Let h be j(-12). Determine w(h).
-6
Let u be 2/(3/((-27)/(-6))). Let f(m) = 2*m - u + 6 - m. What is f(-6)?
-3
Let m(s) = 2*s + 13. Let o(p) = 113*p + 105. Let r be o(-1). What is m(r)?
-3
Let o(r) = 18*r**2 - r + 25*r**2 + 3 + 19*r**2 - r**3 - 60*r**2. Calculate o(3).
-9
Let f = -94 - -57. Let c = f - -32. Let x(v) = -v**2 - 5*v - 4. Determine x(c).
-4
Let r(w) be the third derivative of w**5/30 - 5*w**4/12 - 5*w**3/3 - 224*w**2. Give r(8).
38
Suppose -293 = 17*i - 225. Let r(x) = 2*x**2 + x - 4. Let u(y) = -6*y**2 - 4*y + 11. Let o(w) = -11*r(w) - 4*u(w). Give o(i).
12
Let m(z) = -z**3 - 9*z**2 - 4*z + 25. Let h be m(-8). Let d(l) = l**2 + 3*l - 8. What is d(h)?
20
Let s be (8/(-2) - -28) + 3. Let f(n) = -22*n + 57*n - n**3 - 7*n**2 - s*n + 2. Determine f(-8).
2
Let g be 4 - 3*(-8)/(-6). Suppose -2*u - z + 9 + 1 = g, -5*u = 3*z - 25. Let y(p) = p**3 - 5*p**2 + p + 2. Give y(u).
7
Let b be 1 + -3 + 2 + 34. Let v = -38 + b. Let c(y) = 3 + 2*y + y + 1. What is c(v)?
-8
Let w(q) = -2*q + q + 3*q + 1. Let x be 9/(-4)*(18/27 - 2). Give w(x).
7
Let c(v) = 7*v**2 + 29*v + 16. Let p(n) = 4*n**2 + 16*n + 9. Let o(f) = 3*c(f) - 5*p(f). Suppose 0 = -4*w - 0 - 16. Calculate o(w).
-9
Let w(z) = -z**2 